25?
1
What is the units digit of 15?
5
What is the thousands digit of 13271?
3
What is the tens digit of 7622?
2
What is the thousands digit of 86810?
6
What is the units digit of 30712?
2
What is the thousands digit of 83017?
3
What is the thousands digit of 3394?
3
What is the tens digit of 150442?
4
What is the hundred thousands digit of 122841?
1
What is the hundreds digit of 9699?
6
What is the units digit of 36228?
8
What is the hundreds digit of 100269?
2
What is the units digit of 829?
9
What is the thousands digit of 1070?
1
What is the ten thousands digit of 98809?
9
What is the tens digit of 4365?
6
What is the hundreds digit of 6414?
4
What is the hundreds digit of 1047?
0
What is the thousands digit of 7595?
7
What is the units digit of 48000?
0
What is the thousands digit of 1357?
1
What is the hundreds digit of 53170?
1
What is the tens digit of 3151?
5
What is the units digit of 8790?
0
What is the tens digit of 20457?
5
What is the units digit of 970?
0
What is the units digit of 8536?
6
What is the hundreds digit of 1496?
4
What is the hundreds digit of 30790?
7
What is the hundreds digit of 13094?
0
What is the hundreds digit of 221?
2
What is the hundreds digit of 72435?
4
What is the ten thousands digit of 49688?
4
What is the hundreds digit of 28793?
7
What is the thousands digit of 135016?
5
What is the tens digit of 20548?
4
What is the thousands digit of 7619?
7
What is the units digit of 554?
4
What is the units digit of 11131?
1
What is the units digit of 693?
3
What is the tens digit of 7059?
5
What is the thousands digit of 7517?
7
What is the thousands digit of 10794?
0
What is the hundreds digit of 32787?
7
What is the thousands digit of 9952?
9
What is the thousands digit of 11489?
1
What is the hundreds digit of 1715?
7
What is the hundreds digit of 869?
8
What is the ten thousands digit of 50589?
5
What is the hundreds digit of 18583?
5
What is the hundreds digit of 5740?
7
What is the tens digit of 2972?
7
What is the tens digit of 782?
8
What is the thousands digit of 1234?
1
What is the tens digit of 31908?
0
What is the units digit of 23048?
8
What is the units digit of 2918?
8
What is the tens digit of 4959?
5
What is the units digit of 2973?
3
What is the tens digit of 71195?
9
What is the tens digit of 27930?
3
What is the tens digit of 5857?
5
What is the thousands digit of 1430?
1
What is the units digit of 52877?
7
What is the tens digit of 102?
0
What is the tens digit of 3821?
2
What is the hundreds digit of 802?
8
What is the thousands digit of 74291?
4
What is the units digit of 36044?
4
What is the hundreds digit of 4934?
9
What is the thousands digit of 31063?
1
What is the tens digit of 478?
7
What is the hundreds digit of 2177?
1
What is the thousands digit of 5723?
5
What is the units digit of 66160?
0
What is the hundreds digit of 19476?
4
What is the hundreds digit of 897?
8
What is the ten thousands digit of 57847?
5
What is the ten thousands digit of 16963?
1
What is the units digit of 136?
6
What is the tens digit of 2597?
9
What is the tens digit of 1276?
7
What is the thousands digit of 2916?
2
What is the ten thousands digit of 40453?
4
What is the thousands digit of 33530?
3
What is the ten thousands digit of 22572?
2
What is the hundred thousands digit of 161395?
1
What is the tens digit of 57171?
7
What is the units digit of 586?
6
What is the units digit of 2062?
2
What is the tens digit of 1970?
7
What is the ten thousands digit of 23137?
2
What is the units digit of 385?
5
What is the hundreds digit of 6291?
2
What is the ten thousands digit of 160761?
6
What is the thousands digit of 23799?
3
What is the units digit of 396?
6
What is the hundreds digit of 812?
8
What is the units digit of 22244?
4
What is the tens digit of 7997?
9
What is the thousands digit of 2309?
2
What is the thousands digit of 5249?
5
What is the hundreds digit of 6920?
9
What is the units digit of 61015?
5
What is the hundreds digit of 12496?
4
What is the thousands digit of 9391?
9
What is the tens digit of 24651?
5
What is the units digit of 159?
9
What is the tens digit of 11392?
9
What is the hundreds digit of 479?
4
What is the thousands digit of 1425?
1
What is the ten thousands digit of 27377?
2
What is the tens digit of 6454?
5
What is the units digit of 9737?
7
What is the ten thousands digit of 73356?
7
What is the thousands digit of 1256?
1
What is the tens digit of 687?
8
What is the units digit of 900?
0
What is the hundreds digit of 7830?
8
What is the hundreds digit of 29053?
0
What is the ten thousands digit of 148045?
4
What is the thousands digit of 23455?
3
What is the tens digit of 8837?
3
What is the hundreds digit of 2399?
3
What is the hundreds digit of 35320?
3
What is the thousands digit of 15909?
5
What is the tens digit of 536?
3
What is the hundreds digit of 847?
8
What is the hundred thousands digit of 105971?
1
What is the tens digit of 12566?
6
What is the units digit of 389?
9
What is the thousands digit of 54829?
4
What is the hundreds digit of 2678?
6
What is the thousands digit of 1205?
1
What is the units digit of 11699?
9
What is the tens digit of 2937?
3
What is the units digit of 4165?
5
What is the tens digit of 17549?
4
What is the units digit of 54732?
2
What is the ten thousands digit of 12289?
1
What is the units digit of 5331?
1
What is the thousands digit of 1835?
1
What is the hundreds digit of 958?
9
What is the units digit of 24211?
1
What is the tens digit of 3230?
3
What is the thousands digit of 3620?
3
What is the ten thousands digit of 113478?
1
What is the tens digit of 1820?
2
What is the thousands digit of 16988?
6
What is the hundreds digit of 25517?
5
What is the tens digit of 5928?
2
What is the units digit of 11506?
6
What is the hundreds digit of 137263?
2
What is the tens digit of 1441?
4
What is the hundreds digit of 1892?
8
What is the tens digit of 289?
8
What is the hundreds digit of 299?
2
What is the tens digit of 7372?
7
What is the units digit of 11814?
4
What is the tens digit of 8568?
6
What is the hundreds digit of 48149?
1
What is the hundreds digit of 434?
4
What is the tens digit of 2244?
4
What is the units digit of 114007?
7
What is the thousands digit of 18926?
8
What is the units digit of 270?
0
What is the units digit of 10047?
7
What is the tens digit of 838?
3
What is the hundreds digit of 4041?
0
What is the ten thousands digit of 54247?
5
What is the tens digit of 89952?
5
What is the tens digit of 2512?
1
What is the tens digit of 17474?
7
What is the tens digit of 3607?
0
What is the ten thousands digit of 19166?
1
What is the thousands digit of 7941?
7
What is the hundreds digit of 142?
1
What is the hundreds digit of 308?
3
What is the thousands digit of 7527?
7
What is the units digit of 2078?
8
What is the units digit of 24607?
7
What is the tens digit of 946?
4
What is the hundreds digit of 49074?
0
What is the units digit of 2870?
0
What is the tens digit of 78081?
8
What is the tens digit of 8581?
8
What is the hundreds digit of 129?
1
What is the units digit of 893?
3
What is the tens digit of 8703?
0
What is the thousands digit of 4153?
4
What is the tens digit of 7697?
9
What is the ten thousands digit of 22968?
2
What is the hundreds digit of 495?
4
What is the thousands digit of 2563?
2
What is the tens digit of 3464?
6
What is the thousands digit of 4675?
4
What is the hundreds digit of 2584?
5
What is the units digit of 45859?
9
What is the ten thousands digit of 36045?
3
What is the hundreds digit of 831?
8
What is the tens digit of 42599?
9
What is the units digit of 4165?
5
What is the units digit of 29671?
1
What is the ten thousands digit of 24257?
2
What is the hundreds digit of 28583?
5
What is the thousands digit of 12018?
2
What is the units digit of 6697?
7
What is the units digit of 32735?
5
What is the tens digit of 690?
9
What is the ten thousands digit of 13069?
1
What is the tens digit of 3653?
5
What is the hundreds digit of 11257?
2
What is the hundreds digit of 5587?
5
What is the thousands digit of 33775?
3
What is the units digit of 2443?
3
What is the ten thousands digit of 94166?
9
What is the thousands digit of 3765?
3
What is the hundreds digit of 7768?
7
What is the units d